 2*p - 3*p. What are the prime factors of d(-8)?
3
Let h = -1 + -3. Let f = 3 - h. List the prime factors of f.
7
Let o = 9 - 15. Let t = 15 + o. What are the prime factors of t?
3
Suppose 0 = -2*t - 2 + 14. Suppose 27 = -3*o + t*o. Suppose 28 - o = 3*v - h, -3*h = 3*v - 39. List the prime factors of v.
2
List the prime factors of 7*((-4)/6 + (-1440)/(-54)).
2, 7, 13
Suppose 0 = 2*a - 4*a + 5*t + 252, -3*t - 244 = -2*a. What are the prime factors of a?
2, 29
Let m = 80 + -37. List the prime factors of m.
43
Let r = 173 + -75. What are the prime factors of r?
2, 7
Suppose -3*v = 230 - 1091. Suppose 4*u - 4*m = 2*u + 106, -5*u - m = -v. Suppose -u + 2 = -5*r - 2*l, 0 = -5*l - 25. List the prime factors of r.
13
Suppose 4*y - 76 = 28. Let d = y + -11. What are the prime factors of d?
3, 5
Let q be (4*-1)/((-10)/15). Suppose 3*l + l - 12 = 4*j, 2*l = -4*j - q. List the prime factors of 3/(0 - (-1)/l).
3
Suppose i - 80 = -0*i. What are the prime factors of i?
2, 5
Suppose 2*q - 8 = -k, 5*k - 10 = -3*q + 16. Suppose q*r - 6 - 8 = 0. Suppose -3*t = -t - 5*s - 13, t = 2*s + r. List the prime factors of t.
3
Suppose -3*i - 21 = -0*i. Let o(p) = p + 8. Let s be o(i). What are the prime factors of 12/(-1 + 1 + s)?
2, 3
Suppose l + 2 = 5*g, 4*g + 0*g + 5*l = -10. Suppose f - 9 + 1 = g. What are the prime factors of f?
2
Let p = 12 - 4. Suppose -5*i - p = 3*g - 3, 5*g + 4*i = -4. Suppose -2*u - u - d + 43 = g, -1 = -d. What are the prime factors of u?
2, 7
Let g = -9 + 11. Suppose 13 = -g*q + 69. List the prime factors of q.
2, 7
Suppose -78 = -4*j + 314. What are the prime factors of j?
2, 7
Let t be 6/(-21) - (-2)/7. Suppose t = -3*o - 9, -2*m = m + 2*o. List the prime factors of m.
2
Suppose 30 = 4*d + d. Suppose 2*l - 6 = k, -3*k - d*l = -4*l - 6. Suppose 12 = 4*u - k*u. What are the prime factors of u?
3
Let g = 30 + 25. What are the prime factors of g?
5, 11
Let j = -5 - -13. Suppose -20 = -5*d + f, -d - d + j = f. List the prime factors of d.
2
What are the prime factors of 6*4/(-3)*-19?
2, 19
Let z(a) be the second derivative of -a**3/6 - 3*a**2/2 - a. Let d be z(-8). Suppose 9 = -d*y + 54. List the prime factors of y.
3
Suppose -4*c + 2*a = 36, 5*c - 4*c = 4*a - 9. Let g(w) = -3*w - 26. Let k(f) = f + 9. Let l(r) = 6*g(r) + 17*k(r). What are the prime factors of l(c)?
2, 3
Suppose 2*t + 7 - 1 = 2*n, 4*n + 3*t = -16. Let u = n + 5. List the prime factors of u.
2
Suppose 3*z + 5*w - 57 = 0, 4*z + 2*w = 4*w + 50. List the prime factors of (-186)/(-14) - 4/z.
13
Suppose -11 = -0*d + 3*d + 4*q, 10 = -5*d - 5*q. Suppose -2*u = d*u - 25. What are the prime factors of u?
5
Let u = 161 + -88. What are the prime factors of u?
73
Let b(h) be the first derivative of 5*h**2/2 - 7*h - 1. List the prime factors of b(5).
2, 3
Let u = 36 - 26. What are the prime factors of u?
2, 5
Let v(m) = -m + 9. Let f be v(9). Suppose -u + 5*x - 5 = 0, -4*u + 9*u - 5*x - 15 = f. What are the prime factors of u?
5
Let l(m) be the second derivative of 3*m**4/4 - m**3/3 + m**2/2 + m. Let p be l(2). Suppose -p = -i - 2*i. What are the prime factors of i?
11
Let n be 39/9 - 4/12. What are the prime factors of n - (-3)/(0 - -1)?
7
Let v(d) = -d**3 - 6*d**2 - d - 5. Let i be v(-6). Suppose 3*n + 21 = 3*h, 8*n = 3*n + 15. Let r = h - i. What are the prime factors of r?
3
Let k = -3 - -1. Let z be -11 - 3/((-3)/k). Let g = -8 - z. List the prime factors of g.
5
What are the prime factors of 1192/10 + 3/(-15)?
7, 17
Let y(x) be the third derivative of x**6/120 - x**5/10 + x**4/12 + 7*x**3/6 + 5*x**2. What are the prime factors of y(6)?
19
Suppose 4*b + 30 = b. Let o be 2*1 - b/(-2). List the prime factors of ((-4)/(-6))/(o/(-36)).
2
Let b be 18*(48/9)/4. Let w = b + -16. Suppose -2*f = -3*s + w, -4*s + 4*f + 7 + 1 = 0. What are the prime factors of s?
2
Let s = 26 + -24. Suppose -21 = -s*d + 17. What are the prime factors of d?
19
Suppose 5*d + 3*y - 10 = 0, 4*d - y = -6*y + 21. What are the prime factors of 24 + 10 - d*3?
37
Let s(a) = a**2 - a + 2. Let o be s(2). Let x = -5 + 11. Suppose g - 25 = -2*j - x, -o*g + 36 = 4*j. List the prime factors of j.
2, 5
Let g(h) = 1 + 2 - h - 5. Let c be g(0). What are the prime factors of (12 - (-2)/c) + -1?
2, 5
What are the prime factors of -2*(0 - 3/6) - -2?
3
Suppose -f - f = -56. Suppose 6*q - 2*q - f = 0. What are the prime factors of q?
7
Let s(y) = -2*y + 8. List the prime factors of s(-4).
2
Let b = 16 - 2. Suppose -5*a + 4*d = -b - 13, d + 9 = 2*a. What are the prime factors of a?
3
Suppose -69 - 11 = -2*w. What are the prime factors of w?
2, 5
Let b = -43 + 79. Let j = -10 + b. List the prime factors of j.
2, 13
Suppose -3*i = -i - 12. Let q be (-3 + 1)*i/(-4). Suppose 0 = -q*n + t + 31, -3*t + 7*t + 4 = 0. List the prime factors of n.
2, 5
Let h(q) = 1. Let c(o) = -5. Let y(b) = -c(b) - 4*h(b). Let u(p) = p + 12. Let m(l) = u(l) - 4*y(l). List the prime factors of m(11).
19
Let w(v) = -v - 7 - 5*v + 2*v. Let x(l) = -5*l - 6. Let b(j) = 5*w(j) - 6*x(j). What are the prime factors of b(1)?
11
Suppose 136 = 5*p - 39. Let d = p - 19. List the prime factors of d.
2
Let x = -16 + 90. List the prime factors of x.
2, 37
Suppose 3*p = 8*p - 20. Suppose 2*n - 38 = -a - n, -49 = -3*a + p*n. List the prime factors of a.
23
Suppose -2*k - 1 = -3*k, -k + 249 = 4*o. Suppose -4*r - 18 = -o. Suppose 4 = 5*v - r. List the prime factors of v.
3
Let d(a) = 2*a**2 + 2*a + 3. List the prime factors of d(6).
3, 29
Let l(s) = s + 12. Let y = 1 + -10. Let k be (-3)/y - 22/3. List the prime factors of l(k).
5
Suppose 0 = -5*w - 2 + 17. Let d = 3 - w. List the prime factors of 3 + d + (3 - 4).
2
Suppose 0 = 10*k - 14*k + 456. What are the prime factors of k?
2, 3, 19
Suppose 0 = -2*a + 11 - 3. Let p = -12 + a. Let g = 5 - p. List the prime factors of g.
13
Suppose 0 = 7*u - 2*u - 50. List the prime factors of u.
2, 5
Let r(a) = 3*a**3 + 2*a**2 + 2*a - 2. What are the prime factors of r(2)?
2, 17
Let m = -23 - -13. Let p = m - -4. Let f = p - -10. What are the prime factors of f?
2
Suppose 0 = -2*d + 14 - 6. Let n = -2 - -3. Suppose -n = u - d. List the prime factors of u.
3
Suppose 4*z = o - 2*o + 5, -3*z = 5*o + 9. Let d(g) = g**3 + 0*g**3 + 0*g**3 + 3 + 4*g + 4*g**z. What are the prime factors of d(-2)?
3
Let d = 13 + 27. List the prime factors of d.
2, 5
Suppose 4*l + 0*l = 0. Suppose -44 = -4*p - l*p. List the prime factors of p.
11
List the prime factors of (-1 - (0 - 1)) + 101.
101
Let b = -3 - -2. List the prime factors of -2 - (2 + -10 + b).
7
Suppose 4*w - 4*x = 20, -w - 2*x + x = -1. List the prime factors of w.
3
Let a = -17 - -30. What are the prime factors of a?
13
Let l(c) be the second derivative of -c**4/12 - 7*c**3/6 + c**2 + 3*c. What are the prime factors of l(-5)?
2, 3
Let x = 11 - 8. Suppose -x*z = 5*d - 63, 5*z - 5*d = 43 + 22. List the prime factors of z.
2
Let o be -4 + 5 + (6 - 1). Let r be (21/o + -3)*78. What are the prime factors of 189/r + 6/39?
5
Let c be (-2)/(-4)*(0 + 0). Let h(w) = -2*w + 8. What are the prime factors of h(c)?
2
Suppose 0 = 2*k + 5 + 1. What are the prime factors of (-8)/2 - k - -44?
43
Suppose -30 + 6 = -4*s. Let h = 22 - s. What are the prime factors of h?
2
Let t(f) be the third derivative of f**5/60 + f**4/12 + f**3/3 - 4*f**2. List the prime factors of t(0).
2
Let z(w) = w**2 - 7*w + 8. List the prime factors of z(6).
2
Suppose 6*u = 9*u - 24. Suppose -9*s + 15 = -u*s. List the prime factors of s.
3, 5
Suppose 2*u + 2 - 6 = 0. Let a(j) = -j**2 + 2*j**u - 8*j + 6 + 4*j. List the prime factors of a(4).
2, 3
Let q be 31/4 + 1/4. Let j(a) = a**2 - 8*a + 11. List the prime factors of j(q).
11
Suppose 1 + 6 = y. What are the prime factors of y?
7
Suppose -s = -6*s - 5*x, -3*s - 5*x - 8 = 0. Let m be (2/3)/(s/186). Let i = m + -22. What are the prime factors of i?
3
Suppose -3*b + 2*r + 16 = 0, 2*r - 10 = 4*r. Suppose 2*d = -b*d. Suppose 5*h = 2*v - 1, -v - 2*h + 19 - 5 = d. List the prime factors of v.
2
Let k(m) = 14*m - 2. List the prime factors of k(4).
2, 3
Suppose 197 + 97 = 2*i. What are the prime factors of i?
3, 7
Let y(c) = 7*c**2 - 1. Let h = 3 - 1. Let i = h - 3. List the prime factors of y(i).
2, 3
Suppose -3*c - 2*c + 16 = -3*r, 0 = -c - 5*r - 8. What are the prime factors of c?
2
Let u(l) be the